e 13?
48
What is 0 (base 4) in base 14?
0
What is -52 (base 6) in base 10?
-32
What is 3 (base 5) in base 14?
3
What is -20 (base 3) in base 8?
-6
Convert 227 (base 8) to base 7.
304
3 (base 7) to base 5
3
Convert 1 (base 4) to base 7.
1
Convert -1 (base 10) to base 6.
-1
2120 (base 3) to base 8
105
-2 (base 9) to base 4
-2
What is 1001010 (base 2) in base 8?
112
Convert -1 (base 11) to base 6.
-1
Convert 520 (base 7) to base 16.
103
Convert 102 (base 4) to base 7.
24
What is 14 (base 13) in base 15?
12
What is -3 (base 9) in base 4?
-3
c6 (base 13) to base 2
10100010
78 (base 16) to base 6
320
What is 6 (base 12) in base 3?
20
What is -2 (base 13) in base 11?
-2
What is 2 (base 4) in base 10?
2
13 (base 10) to base 15
d
What is -e (base 16) in base 12?
-12
3 (base 11) to base 12
3
-5 (base 14) to base 10
-5
What is 87 (base 11) in base 6?
235
Convert -1 (base 5) to base 4.
-1
What is 2 (base 11) in base 16?
2
Convert 1101 (base 2) to base 15.
d
Convert -34 (base 6) to base 2.
-10110
126 (base 7) to base 16
45
3 (base 11) to base 7
3
-7 (base 8) to base 6
-11
Convert 59 (base 16) to base 3.
10022
Convert -64 (base 8) to base 7.
-103
What is -110 (base 2) in base 7?
-6
-b5 (base 13) to base 6
-404
-106 (base 7) to base 13
-43
Convert 10111011 (base 2) to base 10.
187
-61 (base 11) to base 12
-57
What is 6 (base 14) in base 6?
10
3 (base 16) to base 4
3
Convert -1 (base 2) to base 9.
-1
What is -1 (base 2) in base 10?
-1
0 (base 15) to base 8
0
What is 1 (base 4) in base 7?
1
Convert -11 (base 3) to base 9.
-4
Convert c (base 15) to base 11.
11
What is -88 (base 14) in base 7?
-231
-3 (base 12) to base 3
-10
-168 (base 9) to base 16
-8f
Convert 13 (base 9) to base 13.
c
Convert -b7 (base 13) to base 8.
-226
-31 (base 14) to base 5
-133
What is 10 (base 7) in base 12?
7
Convert -a6 (base 14) to base 15.
-9b
30 (base 7) to base 6
33
What is 9 (base 11) in base 13?
9
Convert 2 (base 10) to base 8.
2
-24 (base 10) to base 11
-22
What is -10 (base 13) in base 4?
-31
-1 (base 2) to base 9
-1
-12 (base 8) to base 15
-a
Convert 2 (base 8) to base 10.
2
What is -10 (base 6) in base 10?
-6
What is -1221 (base 3) in base 7?
-103
-6 (base 12) to base 10
-6
2122 (base 3) to base 8
107
Convert 111 (base 3) to base 8.
15
34 (base 16) to base 9
57
What is 2d (base 14) in base 12?
35
Convert -1 (base 2) to base 15.
-1
-1 (base 14) to base 5
-1
-3 (base 10) to base 13
-3
What is -5 (base 12) in base 3?
-12
What is 1 (base 15) in base 3?
1
Convert 110021 (base 3) to base 14.
199
Convert -72 (base 14) to base 8.
-144
Convert 231 (base 13) to base 2.
101111010
-13 (base 4) to base 3
-21
What is 3a (base 16) in base 11?
53
Convert 22 (base 5) to base 15.
c
Convert 0 (base 14) to base 5.
0
Convert -66 (base 8) to base 3.
-2000
-16 (base 13) to base 8
-23
Convert -1 (base 12) to base 3.
-1
Convert 10 (base 4) to base 5.
4
What is -3 (base 13) in base 11?
-3
Convert -122 (base 11) to base 13.
-b2
0 (base 2) to base 11
0
31 (base 6) to base 10
19
What is 1 (base 6) in base 16?
1
4 (base 5) to base 15
4
What is -1 (base 6) in base 8?
-1
a7 (base 11) to base 5
432
What is 4 (base 13) in base 4?
10
Convert -1 (base 9) to base 2.
-1
4 (base 15) to base 11
4
Convert -1 (base 11) to base 6.
-1
What is 23 (base 10) in base 8?
27
What is 1 (base 13) in base 3?
1
What is 4 (base 15) in base 4?
10
Convert 210 (base 5) to base 12.
47
What is 13 (base 6) in base 10?
9
Convert -25 (base 9) to base 6.
-35
-3 (base 5) to base 10
-3
1 (base 15) to base 11
1
17 (base 16) to base 3
212
What is 1102 (base 3) in base 5?
123
What is -100 (base 2) in base 9?
-4
-140 (base 10) to base 12
-b8
What is -5 (base 12) in base 5?
-10
What is -35 (base 16) in base 13?
-41
Convert -46 (base 13) to base 3.
-2011
What is -96 (base 11) in base 3?
-10220
-b (base 13) to base 10
-11
What is -1 (base 7) in base 15?
-1
Convert 45 (base 9) to base 3.
1112
Convert 1011 (base 2) to base 12.
b
What is -102 (base 5) in base 3?
-1000
What is 2a (base 11) in base 7?
44
What is 19b (base 12) in base 11?
21a
What is -69 (base 10) in base 8?
-105
42 (base 8) to base 14
26
13 (base 9) to base 4
30
What is 27 (base 10) in base 5?
102
What is -16 (base 8) in base 13?
-11
-4 (base 7) to base 6
-4
What is 5 (base 14) in base 5?
10
-b8 (base 12) to base 2
-10001100
What is 1 (base 2) in base 6?
1
What is -3 (base 15) in base 10?
-3
Convert -11 (base 2) to base 15.
-3
What is 4 (base 7) in base 6?
4
Convert 7 (base 13) to base 10.
7
-2 (base 7) to base 10
-2
-11 (base 16) to base 4
-101
4 (base 6) to base 7
4
Convert -c7 (base 15) to base 2.
-10111011
What is -2 (base 16) in base 6?
-2
-3 (base 4) to base 9
-3
Convert -15 (base 10) to base 4.
-33
Convert 210 (base 3) to base 11.
1a
What is 33 (base 14) in base 15?
30
Convert -85 (base 10) to base 11.
-78
What is -2 (base 14) in base 5?
-2
What is 34 (base 14) in base 5?
141
Convert 130 (base 6) to base 2.
110110
What is -51 (base 6) in base 10?
-31
5 (base 11) to base 16
5
What is -2 (base 13) in base 8?
-2
93 (base 14) to base 12
a9
Convert -345 (base 6) to base 3.
-12002
What is 4 (base 11) in base 10?
4
20 (base 15) to base 12
26
Convert 341 (base 5) to base 15.
66
4 (base 6) to base 5
4
Convert 33 (base 11) to base 4.
210
What is 6 (base 11) in base 3?
20
13 (base 7) to base 9
11
Convert -30 (base 15) to base 3.
-1200
Convert 185 (base 13) to base 16.
116
Convert 31 (base 6) to base 13.
16
-222 (base 3) to base 5
-101
What is 33 (base 6) in base 2?
10101
Convert 3 (base 15) to base 3.
10
Convert -3 (base 9) to base 14.
-3
-3 (base 10) to base 8
-3
Convert -1 (base 15) to base 10.
-1
1101 (base 4) to base 2
1010001
1b (base 16) to base 4
123
What is -221 (base 6) in base 2?
-1010101
5 (base 8) to base 9
5
What is -26 (base 11) in base 2?
-11100
What is -203 (base 4) in base 15?
-25
-220 (base 3) to base 13
-1b
What is -1a (base 14) in base 12?
-20
-22 (base 10) to base 8
-26
6e (base 16) to base 10
110
110 (base 2) to base 9
6
-8b (base 16) to base 4
-2023
Convert -5 (base 15) to base 4.
-11
What is -12 (base 10) in base 5?
-22
What is 10 (base 4) in base 16?
4
20 (base 3) to base 12
6
What is -a (base 12) in base 11?
-a
What is -e (base 15) in base 4?
-32
What is -25 (base 15) in base 8?
-43
1011 (base 2) to base 5
21
162 (base 7) to base 14
69
What is -1 (base 9) in base 6?
-1
What is -1122 (base 3) in base 16?
-2c
1011 (base 4) to base 3
2120
Convert -52 (base 6) to base 4.
-200
Convert 26 (base 8) to base 13.
19
1 (base 5) to base 3
1
What is 10010010 (base 2) in base 16?
92
What is -180 (base 10) in base 5?
-1210
What is 3 (base 16) in base 9?
3
What is -5 (base 10) in base 11?
-5
23 (base 4) to base 6
15
Convert 26 (base 7) to base 11.
19
What is -22 (base 10) in base 2?
-10110
Convert 22 (base 6) to base 13.
11
What is 7 (base 15) in base 3?
21
What is 0 (base 16) in base 12?
0
-8 (base 9) to base 3
-22
What is -2 (base 8) in base 11?
-2
Convert 1243 (base 5) to base 9.
240
What is b0 (base 12) in base 9?
156
What is 75 (base 15) in base 10?
110
What is 2 (base 8) in base 3?
2
3 (base 11) to base 10
3
Convert -110 (base 2) to base 8.
-6
What is 21 (base 5) in base 14?
b
-2 (base 13) to base 12
-2
What is 1000 (base 3) in base 14?
1d
Convert 212 (base 3) to base 7.
32
What is -9a (base 11) in base 7?
-214
-1 (base 10) to base 5
-1
-34 (base 12) to base 5
-130
Convert 100101 (base 3) to base 6.
1101
What is 10 (base 3) in base 6?
3
What is -2 (base 15) in base 5?
-2
-a (base 11) to base 7
-13
Convert -6 (base 8) to base 9.
-6
What is -2 (base 6) in base 4?
-2
Convert -3a (base 14) to base 9.
-57
Convert -1a (base 13) to base 7.
-32
50 (base 7) to base 10
35
11 (base 8) to base 12
9
Convert 0 (base 5) to base 13.
0
3 (base 11) to base 3
10
What is 3 (base 4) in base 12?
3
Convert 2 (base 12) to base 16.
2
Convert 311 (base 7) to base 4.
2123
What is -100000 (base 2) in base 7?
-44
1 (base 16) to base 4
1
-116 (base 7) to base 9
-68
21 (base 7) to base 13
12
47 (base 14) to base 8
77
1a (base 12) to base 9
24
Convert 50 (base 8) to base 9.
44
Convert 19 (base 15) to base 6.
40
8 (base 9) to base 4
20
2 (base 9) to base 10
2
Convert -11 (base 3) to base 2.
-100
Convert 2 (base 12) to base 6.
2
1 (base 6) to base 2
1
Convert -1 (base 2) to base 15.
-1
Convert 9 (base